common divisor of 332 and 153716.
332
What is the highest common divisor of 13456 and 4544?
16
Calculate the greatest common divisor of 111 and 54982.
37
What is the greatest common divisor of 269 and 3119593?
269
What is the highest common factor of 17 and 698275?
17
What is the highest common divisor of 246 and 267566?
82
What is the greatest common factor of 15 and 2015445?
15
Calculate the highest common factor of 17368 and 4576.
104
Calculate the highest common divisor of 59130 and 5110.
730
What is the highest common divisor of 1932 and 1056?
12
Calculate the greatest common factor of 54453 and 28.
7
What is the greatest common divisor of 69 and 47794?
23
What is the greatest common divisor of 477 and 1384943?
53
What is the greatest common divisor of 630 and 22050?
630
What is the greatest common divisor of 63 and 28287?
63
What is the highest common divisor of 1680 and 63?
21
Calculate the greatest common divisor of 1099 and 2865093.
1099
What is the greatest common factor of 210 and 83755?
35
Calculate the highest common factor of 1901592 and 144.
72
Calculate the greatest common factor of 12579 and 1176.
21
Calculate the greatest common divisor of 6 and 13137.
3
What is the highest common divisor of 1163 and 8186357?
1163
What is the highest common factor of 6123 and 4867?
157
Calculate the highest common factor of 162 and 36486.
18
Calculate the greatest common factor of 40800 and 1320.
120
What is the highest common factor of 33801 and 19?
19
What is the greatest common factor of 181 and 118?
1
What is the greatest common divisor of 608 and 9652?
76
What is the greatest common divisor of 15 and 177270?
15
Calculate the highest common factor of 1519243 and 33.
11
What is the highest common divisor of 16023 and 35?
7
Calculate the highest common divisor of 13573 and 2303.
49
Calculate the highest common factor of 159 and 64819.
53
Calculate the highest common divisor of 241081 and 2455.
491
What is the highest common divisor of 48 and 816032?
16
Calculate the highest common factor of 27400 and 4040.
40
What is the highest common factor of 465 and 2860401?
93
Calculate the greatest common divisor of 54 and 16245.
9
Calculate the highest common divisor of 192 and 566880.
96
What is the highest common divisor of 1441 and 3102?
11
What is the greatest common divisor of 192 and 18012?
12
What is the highest common factor of 387994 and 4609?
419
What is the greatest common factor of 250 and 2050?
50
Calculate the greatest common factor of 4 and 147234.
2
What is the highest common divisor of 15756 and 1010?
202
What is the highest common factor of 30913 and 826516?
1627
Calculate the greatest common factor of 415487 and 326.
163
What is the greatest common divisor of 505591 and 71?
71
Calculate the greatest common divisor of 45 and 77121.
9
Calculate the greatest common divisor of 18 and 87498.
18
What is the greatest common factor of 10368 and 22194?
162
What is the highest common factor of 35981 and 44?
11
What is the greatest common divisor of 1375 and 226500?
125
What is the greatest common divisor of 80 and 93560?
40
What is the highest common factor of 35 and 56518?
7
What is the highest common factor of 274 and 558275?
137
What is the highest common factor of 6050168 and 4?
4
Calculate the greatest common factor of 182010 and 12.
6
Calculate the highest common divisor of 28938 and 52962.
546
Calculate the greatest common divisor of 7016 and 969962.
1754
What is the highest common divisor of 10258 and 3122?
446
Calculate the greatest common divisor of 25818 and 351.
39
Calculate the highest common divisor of 56819 and 77.
7
What is the highest common divisor of 178 and 337310?
178
What is the greatest common factor of 45158 and 30418?
134
What is the highest common factor of 658478 and 68?
34
Calculate the greatest common factor of 891 and 43131.
33
Calculate the highest common factor of 459514 and 44.
22
What is the greatest common divisor of 60993 and 4016?
251
Calculate the greatest common factor of 338 and 38740.
26
What is the greatest common divisor of 746788 and 7301?
1043
Calculate the greatest common factor of 26 and 36552308.
26
What is the highest common factor of 24 and 1362904?
8
What is the greatest common divisor of 8 and 318480?
8
Calculate the highest common divisor of 760760 and 2520.
280
What is the greatest common factor of 147 and 417333?
147
What is the greatest common factor of 7750 and 3750?
250
Calculate the highest common divisor of 9 and 8247.
3
What is the highest common factor of 1165257 and 3096?
387
Calculate the highest common factor of 312 and 359658.
78
Calculate the highest common factor of 450 and 66450.
150
Calculate the greatest common divisor of 376 and 290836.
188
Calculate the highest common divisor of 2695 and 89915.
245
Calculate the greatest common divisor of 132 and 11352.
132
Calculate the highest common factor of 278511 and 4572.
381
Calculate the greatest common factor of 29876 and 15714.
194
What is the highest common factor of 622 and 2549889?
311
What is the highest common divisor of 68606 and 3?
1
Calculate the greatest common factor of 642402 and 117.
9
What is the greatest common divisor of 167563 and 11?
11
What is the greatest common factor of 960 and 30000?
240
What is the highest common factor of 126185 and 15?
5
What is the highest common divisor of 98812 and 21?
7
Calculate the greatest common divisor of 205 and 3648877.
41
What is the highest common divisor of 1682085 and 45?
15
What is the highest common divisor of 6120 and 370?
10
What is the greatest common divisor of 7956 and 20247?
51
What is the highest common divisor of 27756 and 648?
108
Calculate the greatest common divisor of 734 and 114871.
367
Calculate the greatest common factor of 626452 and 787.
787
Calculate the greatest common divisor of 437170 and 10.
10
Calculate the highest common divisor of 13573719 and 18.
9
What is the highest common factor of 2266657 and 74?
37
Calculate the greatest common divisor of 1512532 and 196.
196
What is the highest common factor of 94636 and 1888?
236
What is the greatest common factor of 240 and 48504?
24
Calculate the greatest common factor of 125566 and 56.
14
What is the highest common divisor of 9 and 28479?
3
Calculate the highest common divisor of 25985 and 230.
5
Calculate the highest common divisor of 6893 and 6832.
61
Calculate the greatest common factor of 9210 and 60.
30
Calculate the greatest common divisor of 368 and 20884.
92
Calculate the greatest common divisor of 283276 and 16415.
469
What is the greatest common factor of 184448 and 4664?
88
What is the highest common divisor of 1404 and 43004?
52
Calculate the highest common factor of 359780 and 120.
20
Calculate the greatest common divisor of 780831 and 2727.
909
Calculate the highest common divisor of 82256 and 13144.
424
Calculate the highest common factor of 2112 and 13024.
352
Calculate the highest common divisor of 60 and 40164.
12
Calculate the greatest common factor of 77 and 624547.
77
Calculate the greatest common factor of 7350 and 2512650.
1050
What is the greatest common factor of 498387 and 3495?
699
What is the greatest common divisor of 99575 and 21?
7
What is the highest common divisor of 1053783 and 27?
27
Calculate the greatest common factor of 8271 and 225.
9
Calculate the greatest common factor of 768 and 528792.
24
What is the highest common factor of 904 and 1912?
8
What is the greatest common divisor of 2806 and 14214?
46
What is the greatest common factor of 15000 and 650?
50
Calculate the greatest common divisor of 24 and 104872.
8
Calculate the greatest common factor of 460 and 13565.
5
Calculate the highest common factor of 3074 and 116.
58
Calculate the greatest common divisor of 366073 and 38.
19
Calculate the highest common factor of 84 and 44842.
14
What is the greatest common divisor of 59783 and 10887?
191
What is the highest common divisor of 19024 and 13514?
58
Calculate the greatest common divisor of 36480 and 3264.
192
Calculate the highest common factor of 1219 and 52256.
23
What is the highest common divisor of 43325 and 75?
25
Calculate the highest common divisor of 1311 and 1983106.
437
What is the greatest common divisor of 10314 and 12150?
54
What is the gr